{"id":8546,"date":"2018-09-07T07:54:24","date_gmt":"2018-09-07T05:54:24","guid":{"rendered":"http:\/\/wp2.nige.de\/wordpress\/?page_id=8546"},"modified":"2023-06-15T08:34:13","modified_gmt":"2023-06-15T06:34:13","slug":"erasmus-2018-heute","status":"publish","type":"page","link":"https:\/\/wp2.nige.de\/wordpress\/erasmus-2018-heute\/","title":{"rendered":"Erasmus 2018 &#8211; 2021"},"content":{"rendered":"<p><img loading=\"lazy\" decoding=\"async\" class=\"wp-image-9761 alignleft\" src=\"http:\/\/wp2.nige.de\/wordpress\/wp-content\/uploads\/2019\/01\/Logo-Erasmus-2018-2020.png\" alt=\"\" width=\"157\" height=\"236\" srcset=\"https:\/\/wp2.nige.de\/wordpress\/wp-content\/uploads\/2019\/01\/Logo-Erasmus-2018-2020.png 266w, https:\/\/wp2.nige.de\/wordpress\/wp-content\/uploads\/2019\/01\/Logo-Erasmus-2018-2020-200x300.png 200w\" sizes=\"auto, (max-width: 157px) 100vw, 157px\" \/><\/p>\n<p style=\"text-align: center;\"><span style=\"color: #000000;\"><span style=\"font-family: Tahoma,sans-serif;\"><span style=\"font-size: xx-large;\"><u><b>The power of words<\/b><\/u><\/span><\/span><\/span><\/p>\n<ul>\n<li style=\"list-style-type: none;\">\n<ul>\n<li><a href=\"#projektbeschreibung\">Projektbeschreibung<\/a><\/li>\n<\/ul>\n<\/li>\n<\/ul>\n<ul>\n<li style=\"list-style-type: none;\">\n<ul>\n<li><a href=\"#ausbildung\">Ausbildungs-, Unterrichts- und Lernaktivit\u00e4ten<\/a><\/li>\n<\/ul>\n<\/li>\n<\/ul>\n<p>&nbsp;<\/p>\n<p style=\"text-align: center;\"><a href=\"http:\/\/www.powerofwords.one\/\">Offizieller Link des Erasmusprojektes<\/a><\/p>\n<p>&nbsp;<\/p>\n<p><a name=\"projektbeschreibung\"><\/a>Projektbeschreibung<br \/>\n<a href=\"https:\/\/wp2.nige.de\/wordpress\/wp-content\/uploads\/2018\/09\/summary-of-the-project.pdf\" class=\"pdfemb-viewer\" style=\"\" data-width=\"max\" data-height=\"max\" data-toolbar=\"bottom\" data-toolbar-fixed=\"off\">summary-of-the-project<\/a><\/p>\n<p style=\"text-align: center;\">&nbsp;<\/p>\n<p style=\"text-align: center;\"><strong><span style=\"font-family: Tahoma,sans-serif;\"><u><a name=\"ausbildung\"><\/a>Ausbildungs-, Unterrichts- und Lernaktivit\u00e4ten<\/u><\/span><\/strong><\/p>\n<p style=\"text-align: center;\"><a href=\"http:\/\/wp2.nige.de\/wordpress\/?page_id=8678\">Belgien (Januar 2019)<\/a><br \/>\n<a href=\"http:\/\/wp2.nige.de\/wordpress\/?page_id=8680\">Deutschland (Mai 2019)<\/a><br \/>\n<a href=\"http:\/\/wp2.nige.de\/wordpress\/?page_id=8683\">Italien (November 2019)<\/a><br \/>\n<a href=\"http:\/\/wp2.nige.de\/wordpress\/?page_id=8685\">Rum\u00e4nien ( 16.03 &#8211; 18.08.21 virtuell)<\/a><u><\/u><\/p>\n<p style=\"text-align: center;\"><a href=\"https:\/\/wp2.nige.de\/wordpress\/wp-content\/uploads\/2023\/06\/Erasmus_with_baseline-left_pos_RGB_EN.png\"><img loading=\"lazy\" decoding=\"async\" class=\"aligncenter wp-image-14235 size-medium\" src=\"https:\/\/wp2.nige.de\/wordpress\/wp-content\/uploads\/2023\/06\/Erasmus_with_baseline-left_pos_RGB_EN-300x103.png\" alt=\"\" width=\"300\" height=\"103\" srcset=\"https:\/\/wp2.nige.de\/wordpress\/wp-content\/uploads\/2023\/06\/Erasmus_with_baseline-left_pos_RGB_EN-300x103.png 300w, https:\/\/wp2.nige.de\/wordpress\/wp-content\/uploads\/2023\/06\/Erasmus_with_baseline-left_pos_RGB_EN-1024x351.png 1024w, https:\/\/wp2.nige.de\/wordpress\/wp-content\/uploads\/2023\/06\/Erasmus_with_baseline-left_pos_RGB_EN-1536x526.png 1536w, https:\/\/wp2.nige.de\/wordpress\/wp-content\/uploads\/2023\/06\/Erasmus_with_baseline-left_pos_RGB_EN-2048x702.png 2048w\" sizes=\"auto, (max-width: 300px) 100vw, 300px\" \/><\/a><\/p>\n<p style=\"text-align: center;\">&nbsp;<\/p>\n<p style=\"text-align: center;\">&nbsp;<\/p>\n<p style=\"text-align: center;\">&nbsp;<\/p>\n<p style=\"text-align: center;\">&nbsp;<\/p>\n<p style=\"text-align: center;\"><em><span style=\"font-size: 10pt;\">Von der Europ\u00e4ischen Union finanziert. Die ge\u00e4u\u00dferten Ansichten und Meinungen entsprechen jedoch ausschlie\u00dflich denen des Autors bzw. der Autoren und spiegeln nicht zwingend die der Europ\u00e4ischen Union oder der Europ\u00e4ischen Exekutivagentur f\u00fcr Bildung und Kultur (EACEA) wider. Weder die Europ\u00e4ische Union noch die EACEA k\u00f6nnen daf\u00fcr verantwortlich gemacht werden.<\/span><\/em><\/p>\n<p>&nbsp;<\/p>\n<p>&nbsp;<\/p>\n","protected":false},"excerpt":{"rendered":"<p>The power of words Projektbeschreibung Ausbildungs-, Unterrichts- und Lernaktivit\u00e4ten &nbsp; Offizieller Link des Erasmusprojektes &nbsp; Projektbeschreibung &nbsp; Ausbildungs-, Unterrichts- und Lernaktivit\u00e4ten Belgien (Januar 2019) Deutschland (Mai 2019) Italien (November 2019) Rum\u00e4nien ( 16.03 &#8211; 18.08.21 virtuell) &nbsp; &nbsp; &nbsp; &nbsp; Von der Europ\u00e4ischen Union finanziert. Die&#46;&#46;&#46;<\/p>\n","protected":false},"author":28,"featured_media":0,"parent":0,"menu_order":0,"comment_status":"closed","ping_status":"closed","template":"","meta":{"ngg_post_thumbnail":0,"footnotes":""},"class_list":["post-8546","page","type-page","status-publish","hentry"],"yoast_head":"<!-- This site is optimized with the Yoast SEO plugin v27.5 - https:\/\/yoast.com\/product\/yoast-seo-wordpress\/ -->\n<title>Erasmus 2018 - 2021 - NIGE<\/title>\n<meta name=\"robots\" content=\"index, follow, max-snippet:-1, max-image-preview:large, max-video-preview:-1\" \/>\n<link rel=\"canonical\" href=\"https:\/\/wp2.nige.de\/wordpress\/erasmus-2018-heute\/\" \/>\n<meta property=\"og:locale\" content=\"de_DE\" \/>\n<meta property=\"og:type\" content=\"article\" \/>\n<meta property=\"og:title\" content=\"Erasmus 2018 - 2021 - NIGE\" \/>\n<meta property=\"og:description\" content=\"The power of words Projektbeschreibung Ausbildungs-, Unterrichts- und Lernaktivit\u00e4ten &nbsp; Offizieller Link des Erasmusprojektes &nbsp; Projektbeschreibung &nbsp; Ausbildungs-, Unterrichts- und Lernaktivit\u00e4ten Belgien (Januar 2019) Deutschland (Mai 2019) Italien (November 2019) Rum\u00e4nien ( 16.03 &#8211; 18.08.21 virtuell) &nbsp; &nbsp; &nbsp; &nbsp; Von der Europ\u00e4ischen Union finanziert. Die&#046;&#046;&#046;\" \/>\n<meta property=\"og:url\" content=\"https:\/\/wp2.nige.de\/wordpress\/erasmus-2018-heute\/\" \/>\n<meta property=\"og:site_name\" content=\"NIGE\" \/>\n<meta property=\"article:publisher\" content=\"https:\/\/www.facebook.com\/NIGEsens\/\" \/>\n<meta property=\"article:modified_time\" content=\"2023-06-15T06:34:13+00:00\" \/>\n<meta property=\"og:image\" content=\"http:\/\/wp2.nige.de\/wordpress\/wp-content\/uploads\/2019\/01\/Logo-Erasmus-2018-2020.png\" \/>\n<meta name=\"twitter:card\" content=\"summary_large_image\" \/>\n<meta name=\"twitter:label1\" content=\"Gesch\u00e4tzte Lesezeit\" \/>\n\t<meta name=\"twitter:data1\" content=\"1\u00a0Minute\" \/>\n<script type=\"application\/ld+json\" class=\"yoast-schema-graph\">{\"@context\":\"https:\\\/\\\/schema.org\",\"@graph\":[{\"@type\":\"WebPage\",\"@id\":\"https:\\\/\\\/wp2.nige.de\\\/wordpress\\\/erasmus-2018-heute\\\/\",\"url\":\"https:\\\/\\\/wp2.nige.de\\\/wordpress\\\/erasmus-2018-heute\\\/\",\"name\":\"Erasmus 2018 - 2021 - NIGE\",\"isPartOf\":{\"@id\":\"https:\\\/\\\/wp2.nige.de\\\/wordpress\\\/#website\"},\"primaryImageOfPage\":{\"@id\":\"https:\\\/\\\/wp2.nige.de\\\/wordpress\\\/erasmus-2018-heute\\\/#primaryimage\"},\"image\":{\"@id\":\"https:\\\/\\\/wp2.nige.de\\\/wordpress\\\/erasmus-2018-heute\\\/#primaryimage\"},\"thumbnailUrl\":\"http:\\\/\\\/wp2.nige.de\\\/wordpress\\\/wp-content\\\/uploads\\\/2019\\\/01\\\/Logo-Erasmus-2018-2020.png\",\"datePublished\":\"2018-09-07T05:54:24+00:00\",\"dateModified\":\"2023-06-15T06:34:13+00:00\",\"breadcrumb\":{\"@id\":\"https:\\\/\\\/wp2.nige.de\\\/wordpress\\\/erasmus-2018-heute\\\/#breadcrumb\"},\"inLanguage\":\"de\",\"potentialAction\":[{\"@type\":\"ReadAction\",\"target\":[\"https:\\\/\\\/wp2.nige.de\\\/wordpress\\\/erasmus-2018-heute\\\/\"]}]},{\"@type\":\"ImageObject\",\"inLanguage\":\"de\",\"@id\":\"https:\\\/\\\/wp2.nige.de\\\/wordpress\\\/erasmus-2018-heute\\\/#primaryimage\",\"url\":\"https:\\\/\\\/wp2.nige.de\\\/wordpress\\\/wp-content\\\/uploads\\\/2019\\\/01\\\/Logo-Erasmus-2018-2020.png\",\"contentUrl\":\"https:\\\/\\\/wp2.nige.de\\\/wordpress\\\/wp-content\\\/uploads\\\/2019\\\/01\\\/Logo-Erasmus-2018-2020.png\",\"width\":266,\"height\":400},{\"@type\":\"BreadcrumbList\",\"@id\":\"https:\\\/\\\/wp2.nige.de\\\/wordpress\\\/erasmus-2018-heute\\\/#breadcrumb\",\"itemListElement\":[{\"@type\":\"ListItem\",\"position\":1,\"name\":\"Startseite\",\"item\":\"https:\\\/\\\/wp2.nige.de\\\/wordpress\\\/\"},{\"@type\":\"ListItem\",\"position\":2,\"name\":\"Erasmus 2018 &#8211; 2021\"}]},{\"@type\":\"WebSite\",\"@id\":\"https:\\\/\\\/wp2.nige.de\\\/wordpress\\\/#website\",\"url\":\"https:\\\/\\\/wp2.nige.de\\\/wordpress\\\/\",\"name\":\"Nieders\u00e4chsisches Internatsgymnasium Esens | NIGE\",\"description\":\"Nieders\u00e4chsisches Internatsgymnasium Esens\",\"publisher\":{\"@id\":\"https:\\\/\\\/wp2.nige.de\\\/wordpress\\\/#organization\"},\"potentialAction\":[{\"@type\":\"SearchAction\",\"target\":{\"@type\":\"EntryPoint\",\"urlTemplate\":\"https:\\\/\\\/wp2.nige.de\\\/wordpress\\\/?s={search_term_string}\"},\"query-input\":{\"@type\":\"PropertyValueSpecification\",\"valueRequired\":true,\"valueName\":\"search_term_string\"}}],\"inLanguage\":\"de\"},{\"@type\":\"Organization\",\"@id\":\"https:\\\/\\\/wp2.nige.de\\\/wordpress\\\/#organization\",\"name\":\"Nieders\u00e4chsisches Internatsgymnasium Esens\",\"url\":\"https:\\\/\\\/wp2.nige.de\\\/wordpress\\\/\",\"logo\":{\"@type\":\"ImageObject\",\"inLanguage\":\"de\",\"@id\":\"https:\\\/\\\/wp2.nige.de\\\/wordpress\\\/#\\\/schema\\\/logo\\\/image\\\/\",\"url\":\"https:\\\/\\\/wp2.nige.de\\\/wordpress\\\/wp-content\\\/uploads\\\/2018\\\/08\\\/logo_nige.jpg\",\"contentUrl\":\"https:\\\/\\\/wp2.nige.de\\\/wordpress\\\/wp-content\\\/uploads\\\/2018\\\/08\\\/logo_nige.jpg\",\"width\":1984,\"height\":1239,\"caption\":\"Nieders\u00e4chsisches Internatsgymnasium Esens\"},\"image\":{\"@id\":\"https:\\\/\\\/wp2.nige.de\\\/wordpress\\\/#\\\/schema\\\/logo\\\/image\\\/\"},\"sameAs\":[\"https:\\\/\\\/www.facebook.com\\\/NIGEsens\\\/\"]}]}<\/script>\n<!-- \/ Yoast SEO plugin. -->","yoast_head_json":{"title":"Erasmus 2018 - 2021 - NIGE","robots":{"index":"index","follow":"follow","max-snippet":"max-snippet:-1","max-image-preview":"max-image-preview:large","max-video-preview":"max-video-preview:-1"},"canonical":"https:\/\/wp2.nige.de\/wordpress\/erasmus-2018-heute\/","og_locale":"de_DE","og_type":"article","og_title":"Erasmus 2018 - 2021 - NIGE","og_description":"The power of words Projektbeschreibung Ausbildungs-, Unterrichts- und Lernaktivit\u00e4ten &nbsp; Offizieller Link des Erasmusprojektes &nbsp; Projektbeschreibung &nbsp; Ausbildungs-, Unterrichts- und Lernaktivit\u00e4ten Belgien (Januar 2019) Deutschland (Mai 2019) Italien (November 2019) Rum\u00e4nien ( 16.03 &#8211; 18.08.21 virtuell) &nbsp; &nbsp; &nbsp; &nbsp; Von der Europ\u00e4ischen Union finanziert. Die&#46;&#46;&#46;","og_url":"https:\/\/wp2.nige.de\/wordpress\/erasmus-2018-heute\/","og_site_name":"NIGE","article_publisher":"https:\/\/www.facebook.com\/NIGEsens\/","article_modified_time":"2023-06-15T06:34:13+00:00","og_image":[{"url":"http:\/\/wp2.nige.de\/wordpress\/wp-content\/uploads\/2019\/01\/Logo-Erasmus-2018-2020.png","type":"","width":"","height":""}],"twitter_card":"summary_large_image","twitter_misc":{"Gesch\u00e4tzte Lesezeit":"1\u00a0Minute"},"schema":{"@context":"https:\/\/schema.org","@graph":[{"@type":"WebPage","@id":"https:\/\/wp2.nige.de\/wordpress\/erasmus-2018-heute\/","url":"https:\/\/wp2.nige.de\/wordpress\/erasmus-2018-heute\/","name":"Erasmus 2018 - 2021 - NIGE","isPartOf":{"@id":"https:\/\/wp2.nige.de\/wordpress\/#website"},"primaryImageOfPage":{"@id":"https:\/\/wp2.nige.de\/wordpress\/erasmus-2018-heute\/#primaryimage"},"image":{"@id":"https:\/\/wp2.nige.de\/wordpress\/erasmus-2018-heute\/#primaryimage"},"thumbnailUrl":"http:\/\/wp2.nige.de\/wordpress\/wp-content\/uploads\/2019\/01\/Logo-Erasmus-2018-2020.png","datePublished":"2018-09-07T05:54:24+00:00","dateModified":"2023-06-15T06:34:13+00:00","breadcrumb":{"@id":"https:\/\/wp2.nige.de\/wordpress\/erasmus-2018-heute\/#breadcrumb"},"inLanguage":"de","potentialAction":[{"@type":"ReadAction","target":["https:\/\/wp2.nige.de\/wordpress\/erasmus-2018-heute\/"]}]},{"@type":"ImageObject","inLanguage":"de","@id":"https:\/\/wp2.nige.de\/wordpress\/erasmus-2018-heute\/#primaryimage","url":"https:\/\/wp2.nige.de\/wordpress\/wp-content\/uploads\/2019\/01\/Logo-Erasmus-2018-2020.png","contentUrl":"https:\/\/wp2.nige.de\/wordpress\/wp-content\/uploads\/2019\/01\/Logo-Erasmus-2018-2020.png","width":266,"height":400},{"@type":"BreadcrumbList","@id":"https:\/\/wp2.nige.de\/wordpress\/erasmus-2018-heute\/#breadcrumb","itemListElement":[{"@type":"ListItem","position":1,"name":"Startseite","item":"https:\/\/wp2.nige.de\/wordpress\/"},{"@type":"ListItem","position":2,"name":"Erasmus 2018 &#8211; 2021"}]},{"@type":"WebSite","@id":"https:\/\/wp2.nige.de\/wordpress\/#website","url":"https:\/\/wp2.nige.de\/wordpress\/","name":"Nieders\u00e4chsisches Internatsgymnasium Esens | NIGE","description":"Nieders\u00e4chsisches Internatsgymnasium Esens","publisher":{"@id":"https:\/\/wp2.nige.de\/wordpress\/#organization"},"potentialAction":[{"@type":"SearchAction","target":{"@type":"EntryPoint","urlTemplate":"https:\/\/wp2.nige.de\/wordpress\/?s={search_term_string}"},"query-input":{"@type":"PropertyValueSpecification","valueRequired":true,"valueName":"search_term_string"}}],"inLanguage":"de"},{"@type":"Organization","@id":"https:\/\/wp2.nige.de\/wordpress\/#organization","name":"Nieders\u00e4chsisches Internatsgymnasium Esens","url":"https:\/\/wp2.nige.de\/wordpress\/","logo":{"@type":"ImageObject","inLanguage":"de","@id":"https:\/\/wp2.nige.de\/wordpress\/#\/schema\/logo\/image\/","url":"https:\/\/wp2.nige.de\/wordpress\/wp-content\/uploads\/2018\/08\/logo_nige.jpg","contentUrl":"https:\/\/wp2.nige.de\/wordpress\/wp-content\/uploads\/2018\/08\/logo_nige.jpg","width":1984,"height":1239,"caption":"Nieders\u00e4chsisches Internatsgymnasium Esens"},"image":{"@id":"https:\/\/wp2.nige.de\/wordpress\/#\/schema\/logo\/image\/"},"sameAs":["https:\/\/www.facebook.com\/NIGEsens\/"]}]}},"_links":{"self":[{"href":"https:\/\/wp2.nige.de\/wordpress\/wp-json\/wp\/v2\/pages\/8546","targetHints":{"allow":["GET"]}}],"collection":[{"href":"https:\/\/wp2.nige.de\/wordpress\/wp-json\/wp\/v2\/pages"}],"about":[{"href":"https:\/\/wp2.nige.de\/wordpress\/wp-json\/wp\/v2\/types\/page"}],"author":[{"embeddable":true,"href":"https:\/\/wp2.nige.de\/wordpress\/wp-json\/wp\/v2\/users\/28"}],"replies":[{"embeddable":true,"href":"https:\/\/wp2.nige.de\/wordpress\/wp-json\/wp\/v2\/comments?post=8546"}],"version-history":[{"count":21,"href":"https:\/\/wp2.nige.de\/wordpress\/wp-json\/wp\/v2\/pages\/8546\/revisions"}],"predecessor-version":[{"id":14251,"href":"https:\/\/wp2.nige.de\/wordpress\/wp-json\/wp\/v2\/pages\/8546\/revisions\/14251"}],"wp:attachment":[{"href":"https:\/\/wp2.nige.de\/wordpress\/wp-json\/wp\/v2\/media?parent=8546"}],"curies":[{"name":"wp","href":"https:\/\/api.w.org\/{rel}","templated":true}]}}