{"id":2208,"date":"2013-10-11T12:11:06","date_gmt":"2013-10-11T10:11:06","guid":{"rendered":"http:\/\/wordpress.nige.de\/wordpress\/?page_id=2208"},"modified":"2019-09-04T13:06:22","modified_gmt":"2019-09-04T11:06:22","slug":"warum-latein","status":"publish","type":"page","link":"https:\/\/wp2.nige.de\/wordpress\/sample-page\/sprachen\/latein\/warum-latein\/","title":{"rendered":"Warum Latein?"},"content":{"rendered":"<h4><strong><span style=\"color: #000080;\">Gute Gr\u00fcnde f\u00fcr das Erlernen von Latein<\/span><\/strong><\/h4>\n<p>Wenn ihr euch mit der Sprache Latein besch\u00e4ftigt, k\u00f6nnt ihr herausfinden, auf welchen Gebieten unserer Kultur und unseres Lebens schon in der Antike die Fundamente gelegt worden sind. Dabei f\u00fchrt euch die Entdeckungsreise \u00fcber die Antike hinaus bis zum Mittelalter und in die Neuzeit, also bis in jene Epochen, in denen Latein noch die Sprache der Wissenschaft, der Kirche und der internationalen Verst\u00e4ndigung gewesen ist.<\/p>\n<p><strong>Latein ist die Grundsprache Europas!<\/strong><br \/>\n<strong> In unserem Sprachgebrauch finden sich deswegen zahlreiche W\u00f6rter lateinischen Ursprungs:<\/strong><\/p>\n<p><i>Lehnw\u00f6rter, d.h. W\u00f6rter, die der lateinischen Sprache \u0084entliehen\u0093 sind und dem deutschen Sprachgebrauch angepasst wurden:<\/i><\/p>\n<p>Fenster (fenestra), Mauer (murus), \u00d6l (oleum), Nase (nasus), Brief (brevis), Spiegel (speculum), K\u00e4se (caseus), Pfund (pondus), Kreuz (crux), Pforte (porta), M\u00fcnze (moneta) etc.<\/p>\n<p><i>Fremdw\u00f6rter, d.h. W\u00f6rter, die aus dem Lateinischen \u00fcbernommen wurden:<\/i><\/p>\n<p>Video (videre = sehen), Addition (addere = hinzuf\u00fcgen), Jura (ius = das Recht), Konkurrenz (concurrere = zusammen laufen), Lizenz (licet = es ist erlaubt), Agrarwirtschaft (ager = Acker), Pazifismus (pax = Friede) etc.<\/p>\n<p><strong>Daraus l\u00e4sst sich folgender sprachlicher Nutzen ableiten:<\/strong><\/p>\n<ul>\n<li>Latein liefert ein Basismodell f\u00fcr Grammatik.<\/li>\n<li>Latein erleichtert so Sprachreflexion.<\/li>\n<li>Latein f\u00f6rdert das eigene Sprachgef\u00fchl.<\/li>\n<li>Latein bietet einen Ansatz f\u00fcr Sprachgeschichte.<\/li>\n<li>Latein sensibilisiert f\u00fcr den Umgang mit Fremdw\u00f6rtern und erleichtert dadurch Verstehen im Alltag.<\/li>\n<\/ul>\n<p><strong>F\u00fcr das Berufsleben ergibt sich ein formaler Nutzen:<\/strong><\/p>\n<ul>\n<li>Zur Zeit gibt es etwa 120 F\u00e4cher und Spezialf\u00e4cher, deren Studien- und Pr\u00fcfungsordnungen Latein vorschreiben. Genaue Informationen erh\u00e4lt man unter<br \/>\n<a href=\"http:\/\/www.altphilologenverband.de\">www.altphilologenverband.de<\/a>, <a href=\"http:\/\/www.studienwahl.de\">www.studienwahl.de<\/a><\/li>\n<li>Latein als Sch\u00fcler zu lernen ist einfacher als als Student (Zeitfaktor!)!<\/li>\n<li>Die Tendenz geht dahin, Latinumsanforderungen wieder zu versch\u00e4rfen.<\/li>\n<li>An ausl\u00e4ndischen Universit\u00e4ten gelten mitunter strengere Latinumsanforderungen als bei uns.<\/li>\n<li>Latein vermittelt Allgemeinwissen.<\/li>\n<\/ul>\n<p><strong>F\u00fcr die Pers\u00f6nlichkeitsbildung erweist sich Latein als pr\u00e4gend:<\/strong><\/p>\n<ul>\n<li>Latein erzieht zur Genauigkeit, Kombinationsf\u00e4higkeit, Ausdauer, Arbeitshaltung.<\/li>\n<li>Latein f\u00f6rdert die Auseinandersetzung mit den Grundfragen der Humanit\u00e4t.<\/li>\n<li>Latein f\u00f6rdert multikulturelles Denken.<\/li>\n<\/ul>\n","protected":false},"excerpt":{"rendered":"<p>Gute Gr\u00fcnde f\u00fcr das Erlernen von Latein Wenn ihr euch mit der Sprache Latein besch\u00e4ftigt, k\u00f6nnt ihr herausfinden, auf welchen Gebieten unserer Kultur und unseres Lebens schon in der Antike die Fundamente gelegt worden sind. Dabei f\u00fchrt euch die Entdeckungsreise \u00fcber die Antike hinaus bis zum&#46;&#46;&#46;<\/p>\n","protected":false},"author":28,"featured_media":0,"parent":10486,"menu_order":0,"comment_status":"open","ping_status":"closed","template":"","meta":{"ngg_post_thumbnail":0,"footnotes":""},"class_list":["post-2208","page","type-page","status-publish","hentry"],"yoast_head":"<!-- This site is optimized with the Yoast SEO plugin v27.5 - https:\/\/yoast.com\/product\/yoast-seo-wordpress\/ -->\n<title>Warum Latein? - NIGE<\/title>\n<meta name=\"robots\" content=\"index, follow, max-snippet:-1, max-image-preview:large, max-video-preview:-1\" \/>\n<link rel=\"canonical\" href=\"https:\/\/wp2.nige.de\/wordpress\/sample-page\/sprachen\/latein\/warum-latein\/\" \/>\n<meta property=\"og:locale\" content=\"de_DE\" \/>\n<meta property=\"og:type\" content=\"article\" \/>\n<meta property=\"og:title\" content=\"Warum Latein? - NIGE\" \/>\n<meta property=\"og:description\" content=\"Gute Gr\u00fcnde f\u00fcr das Erlernen von Latein Wenn ihr euch mit der Sprache Latein besch\u00e4ftigt, k\u00f6nnt ihr herausfinden, auf welchen Gebieten unserer Kultur und unseres Lebens schon in der Antike die Fundamente gelegt worden sind. Dabei f\u00fchrt euch die Entdeckungsreise \u00fcber die Antike hinaus bis zum&#046;&#046;&#046;\" \/>\n<meta property=\"og:url\" content=\"https:\/\/wp2.nige.de\/wordpress\/sample-page\/sprachen\/latein\/warum-latein\/\" \/>\n<meta property=\"og:site_name\" content=\"NIGE\" \/>\n<meta property=\"article:publisher\" content=\"https:\/\/www.facebook.com\/NIGEsens\/\" \/>\n<meta property=\"article:modified_time\" content=\"2019-09-04T11:06:22+00:00\" \/>\n<meta name=\"twitter:card\" content=\"summary_large_image\" \/>\n<meta name=\"twitter:label1\" content=\"Gesch\u00e4tzte Lesezeit\" \/>\n\t<meta name=\"twitter:data1\" content=\"2\u00a0Minuten\" \/>\n<script type=\"application\/ld+json\" class=\"yoast-schema-graph\">{\"@context\":\"https:\\\/\\\/schema.org\",\"@graph\":[{\"@type\":\"WebPage\",\"@id\":\"https:\\\/\\\/wp2.nige.de\\\/wordpress\\\/sample-page\\\/sprachen\\\/latein\\\/warum-latein\\\/\",\"url\":\"https:\\\/\\\/wp2.nige.de\\\/wordpress\\\/sample-page\\\/sprachen\\\/latein\\\/warum-latein\\\/\",\"name\":\"Warum Latein? - NIGE\",\"isPartOf\":{\"@id\":\"https:\\\/\\\/wp2.nige.de\\\/wordpress\\\/#website\"},\"datePublished\":\"2013-10-11T10:11:06+00:00\",\"dateModified\":\"2019-09-04T11:06:22+00:00\",\"breadcrumb\":{\"@id\":\"https:\\\/\\\/wp2.nige.de\\\/wordpress\\\/sample-page\\\/sprachen\\\/latein\\\/warum-latein\\\/#breadcrumb\"},\"inLanguage\":\"de\",\"potentialAction\":[{\"@type\":\"ReadAction\",\"target\":[\"https:\\\/\\\/wp2.nige.de\\\/wordpress\\\/sample-page\\\/sprachen\\\/latein\\\/warum-latein\\\/\"]}]},{\"@type\":\"BreadcrumbList\",\"@id\":\"https:\\\/\\\/wp2.nige.de\\\/wordpress\\\/sample-page\\\/sprachen\\\/latein\\\/warum-latein\\\/#breadcrumb\",\"itemListElement\":[{\"@type\":\"ListItem\",\"position\":1,\"name\":\"Startseite\",\"item\":\"https:\\\/\\\/wp2.nige.de\\\/wordpress\\\/\"},{\"@type\":\"ListItem\",\"position\":2,\"name\":\"NIGE\",\"item\":\"https:\\\/\\\/wp2.nige.de\\\/wordpress\\\/sample-page\\\/\"},{\"@type\":\"ListItem\",\"position\":3,\"name\":\"Sprachen\",\"item\":\"https:\\\/\\\/wp2.nige.de\\\/wordpress\\\/sample-page\\\/sprachen\\\/\"},{\"@type\":\"ListItem\",\"position\":4,\"name\":\"Latein\",\"item\":\"https:\\\/\\\/wp2.nige.de\\\/wordpress\\\/sample-page\\\/sprachen\\\/latein\\\/\"},{\"@type\":\"ListItem\",\"position\":5,\"name\":\"Warum Latein?\"}]},{\"@type\":\"WebSite\",\"@id\":\"https:\\\/\\\/wp2.nige.de\\\/wordpress\\\/#website\",\"url\":\"https:\\\/\\\/wp2.nige.de\\\/wordpress\\\/\",\"name\":\"Nieders\u00e4chsisches Internatsgymnasium Esens | NIGE\",\"description\":\"Nieders\u00e4chsisches Internatsgymnasium Esens\",\"publisher\":{\"@id\":\"https:\\\/\\\/wp2.nige.de\\\/wordpress\\\/#organization\"},\"potentialAction\":[{\"@type\":\"SearchAction\",\"target\":{\"@type\":\"EntryPoint\",\"urlTemplate\":\"https:\\\/\\\/wp2.nige.de\\\/wordpress\\\/?s={search_term_string}\"},\"query-input\":{\"@type\":\"PropertyValueSpecification\",\"valueRequired\":true,\"valueName\":\"search_term_string\"}}],\"inLanguage\":\"de\"},{\"@type\":\"Organization\",\"@id\":\"https:\\\/\\\/wp2.nige.de\\\/wordpress\\\/#organization\",\"name\":\"Nieders\u00e4chsisches Internatsgymnasium Esens\",\"url\":\"https:\\\/\\\/wp2.nige.de\\\/wordpress\\\/\",\"logo\":{\"@type\":\"ImageObject\",\"inLanguage\":\"de\",\"@id\":\"https:\\\/\\\/wp2.nige.de\\\/wordpress\\\/#\\\/schema\\\/logo\\\/image\\\/\",\"url\":\"https:\\\/\\\/wp2.nige.de\\\/wordpress\\\/wp-content\\\/uploads\\\/2018\\\/08\\\/logo_nige.jpg\",\"contentUrl\":\"https:\\\/\\\/wp2.nige.de\\\/wordpress\\\/wp-content\\\/uploads\\\/2018\\\/08\\\/logo_nige.jpg\",\"width\":1984,\"height\":1239,\"caption\":\"Nieders\u00e4chsisches Internatsgymnasium Esens\"},\"image\":{\"@id\":\"https:\\\/\\\/wp2.nige.de\\\/wordpress\\\/#\\\/schema\\\/logo\\\/image\\\/\"},\"sameAs\":[\"https:\\\/\\\/www.facebook.com\\\/NIGEsens\\\/\"]}]}<\/script>\n<!-- \/ Yoast SEO plugin. -->","yoast_head_json":{"title":"Warum Latein? - NIGE","robots":{"index":"index","follow":"follow","max-snippet":"max-snippet:-1","max-image-preview":"max-image-preview:large","max-video-preview":"max-video-preview:-1"},"canonical":"https:\/\/wp2.nige.de\/wordpress\/sample-page\/sprachen\/latein\/warum-latein\/","og_locale":"de_DE","og_type":"article","og_title":"Warum Latein? - NIGE","og_description":"Gute Gr\u00fcnde f\u00fcr das Erlernen von Latein Wenn ihr euch mit der Sprache Latein besch\u00e4ftigt, k\u00f6nnt ihr herausfinden, auf welchen Gebieten unserer Kultur und unseres Lebens schon in der Antike die Fundamente gelegt worden sind. Dabei f\u00fchrt euch die Entdeckungsreise \u00fcber die Antike hinaus bis zum&#46;&#46;&#46;","og_url":"https:\/\/wp2.nige.de\/wordpress\/sample-page\/sprachen\/latein\/warum-latein\/","og_site_name":"NIGE","article_publisher":"https:\/\/www.facebook.com\/NIGEsens\/","article_modified_time":"2019-09-04T11:06:22+00:00","twitter_card":"summary_large_image","twitter_misc":{"Gesch\u00e4tzte Lesezeit":"2\u00a0Minuten"},"schema":{"@context":"https:\/\/schema.org","@graph":[{"@type":"WebPage","@id":"https:\/\/wp2.nige.de\/wordpress\/sample-page\/sprachen\/latein\/warum-latein\/","url":"https:\/\/wp2.nige.de\/wordpress\/sample-page\/sprachen\/latein\/warum-latein\/","name":"Warum Latein? - NIGE","isPartOf":{"@id":"https:\/\/wp2.nige.de\/wordpress\/#website"},"datePublished":"2013-10-11T10:11:06+00:00","dateModified":"2019-09-04T11:06:22+00:00","breadcrumb":{"@id":"https:\/\/wp2.nige.de\/wordpress\/sample-page\/sprachen\/latein\/warum-latein\/#breadcrumb"},"inLanguage":"de","potentialAction":[{"@type":"ReadAction","target":["https:\/\/wp2.nige.de\/wordpress\/sample-page\/sprachen\/latein\/warum-latein\/"]}]},{"@type":"BreadcrumbList","@id":"https:\/\/wp2.nige.de\/wordpress\/sample-page\/sprachen\/latein\/warum-latein\/#breadcrumb","itemListElement":[{"@type":"ListItem","position":1,"name":"Startseite","item":"https:\/\/wp2.nige.de\/wordpress\/"},{"@type":"ListItem","position":2,"name":"NIGE","item":"https:\/\/wp2.nige.de\/wordpress\/sample-page\/"},{"@type":"ListItem","position":3,"name":"Sprachen","item":"https:\/\/wp2.nige.de\/wordpress\/sample-page\/sprachen\/"},{"@type":"ListItem","position":4,"name":"Latein","item":"https:\/\/wp2.nige.de\/wordpress\/sample-page\/sprachen\/latein\/"},{"@type":"ListItem","position":5,"name":"Warum Latein?"}]},{"@type":"WebSite","@id":"https:\/\/wp2.nige.de\/wordpress\/#website","url":"https:\/\/wp2.nige.de\/wordpress\/","name":"Nieders\u00e4chsisches Internatsgymnasium Esens | NIGE","description":"Nieders\u00e4chsisches Internatsgymnasium Esens","publisher":{"@id":"https:\/\/wp2.nige.de\/wordpress\/#organization"},"potentialAction":[{"@type":"SearchAction","target":{"@type":"EntryPoint","urlTemplate":"https:\/\/wp2.nige.de\/wordpress\/?s={search_term_string}"},"query-input":{"@type":"PropertyValueSpecification","valueRequired":true,"valueName":"search_term_string"}}],"inLanguage":"de"},{"@type":"Organization","@id":"https:\/\/wp2.nige.de\/wordpress\/#organization","name":"Nieders\u00e4chsisches Internatsgymnasium Esens","url":"https:\/\/wp2.nige.de\/wordpress\/","logo":{"@type":"ImageObject","inLanguage":"de","@id":"https:\/\/wp2.nige.de\/wordpress\/#\/schema\/logo\/image\/","url":"https:\/\/wp2.nige.de\/wordpress\/wp-content\/uploads\/2018\/08\/logo_nige.jpg","contentUrl":"https:\/\/wp2.nige.de\/wordpress\/wp-content\/uploads\/2018\/08\/logo_nige.jpg","width":1984,"height":1239,"caption":"Nieders\u00e4chsisches Internatsgymnasium Esens"},"image":{"@id":"https:\/\/wp2.nige.de\/wordpress\/#\/schema\/logo\/image\/"},"sameAs":["https:\/\/www.facebook.com\/NIGEsens\/"]}]}},"_links":{"self":[{"href":"https:\/\/wp2.nige.de\/wordpress\/wp-json\/wp\/v2\/pages\/2208","targetHints":{"allow":["GET"]}}],"collection":[{"href":"https:\/\/wp2.nige.de\/wordpress\/wp-json\/wp\/v2\/pages"}],"about":[{"href":"https:\/\/wp2.nige.de\/wordpress\/wp-json\/wp\/v2\/types\/page"}],"author":[{"embeddable":true,"href":"https:\/\/wp2.nige.de\/wordpress\/wp-json\/wp\/v2\/users\/28"}],"replies":[{"embeddable":true,"href":"https:\/\/wp2.nige.de\/wordpress\/wp-json\/wp\/v2\/comments?post=2208"}],"version-history":[{"count":3,"href":"https:\/\/wp2.nige.de\/wordpress\/wp-json\/wp\/v2\/pages\/2208\/revisions"}],"predecessor-version":[{"id":2236,"href":"https:\/\/wp2.nige.de\/wordpress\/wp-json\/wp\/v2\/pages\/2208\/revisions\/2236"}],"up":[{"embeddable":true,"href":"https:\/\/wp2.nige.de\/wordpress\/wp-json\/wp\/v2\/pages\/10486"}],"wp:attachment":[{"href":"https:\/\/wp2.nige.de\/wordpress\/wp-json\/wp\/v2\/media?parent=2208"}],"curies":[{"name":"wp","href":"https:\/\/api.w.org\/{rel}","templated":true}]}}