{"id":2072,"date":"2013-10-10T18:06:50","date_gmt":"2013-10-10T16:06:50","guid":{"rendered":"http:\/\/wordpress.nige.de\/wordpress\/?page_id=2072"},"modified":"2025-02-13T19:58:26","modified_gmt":"2025-02-13T18:58:26","slug":"musical-ag","status":"publish","type":"page","link":"https:\/\/wp2.nige.de\/wordpress\/sample-page\/musik\/musical-ag\/","title":{"rendered":"Musical-AG"},"content":{"rendered":"<p style=\"text-align: left;\"><em><strong>Vorhang auf und B\u00fchne frei\u2026<\/strong><\/em><\/p>\n<p style=\"text-align: justify;\">\u2026 f\u00fcr die Musical-AG des NIGE. Im Schuljahr 2010\/2011 wurde mit einem gro\u00dfen Casting das erste Projekt gestartet: \u201eEmil und die Detektive\u201c konnte im Februar 2012 erfolgreich auf die B\u00fchne gebracht werden. Auch in den folgenden Jahren wurden Musicals nach ber\u00fchmter Literaturvorlage auf die B\u00fchne gebracht: \u201eEin Sommernachtstraum\u201c nach William Shakespeares bekanntem Drama, \u201eOliver!\u201c nach dem Jugendroman \u201eOliver Twist\u201c von Charles Dickens, 2016 \u201eAlice\u201c nach Lewis Carolls \u201eAlice im Wunderland\u201c. Im Jahr 2017 wurde mit der Tradition gebrochen und mit \u201eLoserville\u201c ein St\u00fcck ausgew\u00e4hlt, dass ein Musikalbum einer britischen Pop-Punkband mit einer sch\u00fclernahen Geschichte verbindet. 2018 wurde die Aulab\u00fchne f\u00fcr die Abenteuergeschichte \u201eJust So\u201c in unterschiedlichste Landschaften verwandelt, w\u00e4hrend im darauffolgenden Jahr \u201eChange the World\u201c die Macht der Worte thematisierte.<\/p>\n<p style=\"text-align: justify;\">In den letzten Jahren haben die Sch\u00fclerInnen wieder eine Vielfalt an Musicals erfoglreich auf die B\u00fchne gebracht: \u201eDer kleine Horrorladen\u201c (2020), \u201eAlles Nur Show\u201c (2021), \u201eAtemlos\u201c (2022), \u201eDie rote Zora\u201c (2023) und \u201ePeter Pan\u201c (2024)<\/p>\n<p style=\"text-align: justify;\">F\u00fcr die Musical-Auff\u00fchrungen proben die S\u00e4nger, Schauspieler und die Bandmusiker gemeinsam mit den Musiklehrern jede Woche und an einigen Wochenenden. Mit Teamgeist, Kreativit\u00e4t, Spa\u00df am Theater und an der Musik soll gemeinsam die Aula verwandelt werden.<\/p>\n<p style=\"text-align: justify;\">Wir laden Sie\/euch herzlich ein, sich das Ergebnis bei einer der Auff\u00fchrungen anzusehen!<\/p>\n<div id=\"metaslider-id-16366\" style=\"width: 100%;\" class=\"ml-slider-3-108-0 metaslider metaslider-flex metaslider-16366 ml-slider has-dots-nav ms-theme-default-base\" role=\"region\" aria-label=\"Musical AG\" data-width=\"700\">\n    <div id=\"metaslider_container_16366\">\n        <div id=\"metaslider_16366\">\n            <ul class='slides'>\n                <li style=\"display: block; width: 100%;\" class=\"slide-16388 ms-image \" aria-roledescription=\"slide\" data-date=\"2025-02-13 19:53:41\" data-filename=\"Gustav-und-Pony-700x1050.jpg\" data-slide-type=\"image\"><img decoding=\"async\" src=\"https:\/\/wp2.nige.de\/wordpress\/wp-content\/uploads\/2025\/02\/Gustav-und-Pony-700x1050.jpg\" width=\"700\" alt=\"\" class=\"slider-16366 slide-16388 msDefaultImage\" title=\"Gustav-und-Pony\" \/><div class=\"caption-wrap\"><div class=\"caption\"><div>Emil und die Detektive (2012)<\/div><\/div><\/div><\/li>\n                <li style=\"display: none; width: 100%;\" class=\"slide-16389 ms-image \" aria-roledescription=\"slide\" data-date=\"2025-02-13 19:53:42\" data-filename=\"IMG_8424-700x1049.jpg\" data-slide-type=\"image\"><img decoding=\"async\" src=\"https:\/\/wp2.nige.de\/wordpress\/wp-content\/uploads\/2025\/02\/IMG_8424-700x1049.jpg\" width=\"700\" alt=\"\" class=\"slider-16366 slide-16389 msDefaultImage\" title=\"IMG_8424\" \/><div class=\"caption-wrap\"><div class=\"caption\"><div>Emil und die Detektive (2012)<\/div><\/div><\/div><\/li>\n                <li style=\"display: none; width: 100%;\" class=\"slide-16393 ms-image \" aria-roledescription=\"slide\" data-date=\"2025-02-13 19:53:42\" data-filename=\"Streitquartett-der-Liebespaare-700x466.jpg\" data-slide-type=\"image\"><img decoding=\"async\" src=\"https:\/\/wp2.nige.de\/wordpress\/wp-content\/uploads\/2025\/02\/Streitquartett-der-Liebespaare-700x466.jpg\" width=\"700\" alt=\"\" class=\"slider-16366 slide-16393 msDefaultImage\" title=\"Streitquartett-der-Liebespaare\" \/><div class=\"caption-wrap\"><div class=\"caption\"><div>Ein Sommernachtstraum (2013)<\/div><\/div><\/div><\/li>\n                <li style=\"display: none; width: 100%;\" class=\"slide-16392 ms-image \" aria-roledescription=\"slide\" data-date=\"2025-02-13 19:53:42\" data-filename=\"Oberon-und-Puck-700x466.jpg\" data-slide-type=\"image\"><img decoding=\"async\" src=\"https:\/\/wp2.nige.de\/wordpress\/wp-content\/uploads\/2025\/02\/Oberon-und-Puck-700x466.jpg\" width=\"700\" alt=\"\" class=\"slider-16366 slide-16392 msDefaultImage\" title=\"Oberon-und-Puck\" \/><div class=\"caption-wrap\"><div class=\"caption\"><div>Ein Sommernachtstraum (2013)<\/div><\/div><\/div><\/li>\n                <li style=\"display: none; width: 100%;\" class=\"slide-16386 ms-image \" aria-roledescription=\"slide\" data-date=\"2025-02-13 19:53:41\" data-filename=\"DSC_7372-scaled-700x465.jpg\" data-slide-type=\"image\"><img decoding=\"async\" src=\"https:\/\/wp2.nige.de\/wordpress\/wp-content\/uploads\/2025\/02\/DSC_7372-scaled-700x465.jpg\" width=\"700\" alt=\"\" class=\"slider-16366 slide-16386 msDefaultImage\" title=\"DSC_7372\" \/><div class=\"caption-wrap\"><div class=\"caption\"><div>Oliver! (2014)<\/div><\/div><\/div><\/li>\n                <li style=\"display: none; width: 100%;\" class=\"slide-16385 ms-image \" aria-roledescription=\"slide\" data-date=\"2025-02-13 19:53:41\" data-filename=\"Alice_Poster-700x990.png\" data-slide-type=\"image\"><img decoding=\"async\" src=\"https:\/\/wp2.nige.de\/wordpress\/wp-content\/uploads\/2025\/02\/Alice_Poster-700x990.png\" width=\"700\" alt=\"\" class=\"slider-16366 slide-16385 msDefaultImage\" title=\"Alice_Poster\" \/><div class=\"caption-wrap\"><div class=\"caption\"><div>Alice (2016)<\/div><\/div><\/div><\/li>\n                <li style=\"display: none; width: 100%;\" class=\"slide-16391 ms-image \" aria-roledescription=\"slide\" data-date=\"2025-02-13 19:53:42\" data-filename=\"Loserville_Klassenzimmer-700x466.jpg\" data-slide-type=\"image\"><img decoding=\"async\" src=\"https:\/\/wp2.nige.de\/wordpress\/wp-content\/uploads\/2025\/02\/Loserville_Klassenzimmer-700x466.jpg\" width=\"700\" alt=\"\" class=\"slider-16366 slide-16391 msDefaultImage\" title=\"Loserville_Klassenzimmer\" \/><div class=\"caption-wrap\"><div class=\"caption\"><div>Loserville (2017), Foto: Lea St\u00f6ter<\/div><\/div><\/div><\/li>\n                <li style=\"display: none; width: 100%;\" class=\"slide-16387 ms-image \" aria-roledescription=\"slide\" data-date=\"2025-02-13 19:53:41\" data-filename=\"Finalex1024-700x466.png\" data-slide-type=\"image\"><img decoding=\"async\" src=\"https:\/\/wp2.nige.de\/wordpress\/wp-content\/uploads\/2025\/02\/Finalex1024-700x466.png\" width=\"700\" alt=\"\" class=\"slider-16366 slide-16387 msDefaultImage\" title=\"Finalex1024\" \/><div class=\"caption-wrap\"><div class=\"caption\"><div>Just So (2018) Foto: Lea St\u00f6ter<\/div><\/div><\/div><\/li>\n                <li style=\"display: none; width: 100%;\" class=\"slide-16390 ms-image \" aria-roledescription=\"slide\" data-date=\"2025-02-13 19:53:42\" data-filename=\"Kolo_Elefantx1024-700x466.png\" data-slide-type=\"image\"><img decoding=\"async\" src=\"https:\/\/wp2.nige.de\/wordpress\/wp-content\/uploads\/2025\/02\/Kolo_Elefantx1024-700x466.png\" width=\"700\" alt=\"\" class=\"slider-16366 slide-16390 msDefaultImage\" title=\"Kolo_Elefantx1024\" \/><div class=\"caption-wrap\"><div class=\"caption\"><div>Just So (2018) Foto: Lea St\u00f6ter<\/div><\/div><\/div><\/li>\n                <li style=\"display: none; width: 100%;\" class=\"slide-16382 ms-image \" aria-roledescription=\"slide\" data-date=\"2025-02-13 19:53:40\" data-filename=\"2022-Atemlos-Band-Armin-Hoyer-scaled-700x525.jpg\" data-slide-type=\"image\"><img decoding=\"async\" src=\"https:\/\/wp2.nige.de\/wordpress\/wp-content\/uploads\/2025\/02\/2022-Atemlos-Band-Armin-Hoyer-scaled-700x525.jpg\" width=\"700\" alt=\"\" class=\"slider-16366 slide-16382 msDefaultImage\" title=\"2022 Atemlos Band Armin Hoyer\" \/><\/li>\n                <li style=\"display: none; width: 100%;\" class=\"slide-16383 ms-image \" aria-roledescription=\"slide\" data-date=\"2025-02-13 19:53:40\" data-filename=\"2022-Musical-AG-Armin-Hoyer-scaled-700x525.jpg\" data-slide-type=\"image\"><img decoding=\"async\" src=\"https:\/\/wp2.nige.de\/wordpress\/wp-content\/uploads\/2025\/02\/2022-Musical-AG-Armin-Hoyer-scaled-700x525.jpg\" width=\"700\" alt=\"\" class=\"slider-16366 slide-16383 msDefaultImage\" title=\"2022 Musical AG Armin Hoyer\" \/><\/li>\n                <li style=\"display: none; width: 100%;\" class=\"slide-16384 ms-image \" aria-roledescription=\"slide\" data-date=\"2025-02-13 19:53:41\" data-filename=\"2022-Tonlichttechnik-Armin-Hoyer-scaled-700x525.jpg\" data-slide-type=\"image\"><img decoding=\"async\" src=\"https:\/\/wp2.nige.de\/wordpress\/wp-content\/uploads\/2025\/02\/2022-Tonlichttechnik-Armin-Hoyer-scaled-700x525.jpg\" width=\"700\" alt=\"\" class=\"slider-16366 slide-16384 msDefaultImage\" title=\"2022 Tonlichttechnik Armin Hoyer\" \/><\/li>\n            <\/ul>\n        <\/div>\n        \n    <\/div>\n<\/div>\n","protected":false},"excerpt":{"rendered":"<p>Vorhang auf und B\u00fchne frei\u2026 \u2026 f\u00fcr die Musical-AG des NIGE. Im Schuljahr 2010\/2011 wurde mit einem gro\u00dfen Casting das erste Projekt gestartet: \u201eEmil und die Detektive\u201c konnte im Februar 2012 erfolgreich auf die B\u00fchne gebracht werden. Auch in den folgenden Jahren wurden Musicals nach ber\u00fchmter&#46;&#46;&#46;<\/p>\n","protected":false},"author":28,"featured_media":0,"parent":162,"menu_order":0,"comment_status":"open","ping_status":"open","template":"","meta":{"ngg_post_thumbnail":0,"footnotes":""},"class_list":["post-2072","page","type-page","status-publish","hentry"],"yoast_head":"<!-- This site is optimized with the Yoast SEO plugin v27.5 - https:\/\/yoast.com\/product\/yoast-seo-wordpress\/ -->\n<title>Musical-AG - NIGE<\/title>\n<meta name=\"robots\" content=\"index, follow, max-snippet:-1, max-image-preview:large, max-video-preview:-1\" \/>\n<link rel=\"canonical\" href=\"https:\/\/wp2.nige.de\/wordpress\/sample-page\/musik\/musical-ag\/\" \/>\n<meta property=\"og:locale\" content=\"de_DE\" \/>\n<meta property=\"og:type\" content=\"article\" \/>\n<meta property=\"og:title\" content=\"Musical-AG - NIGE\" \/>\n<meta property=\"og:description\" content=\"Vorhang auf und B\u00fchne frei\u2026 \u2026 f\u00fcr die Musical-AG des NIGE. Im Schuljahr 2010\/2011 wurde mit einem gro\u00dfen Casting das erste Projekt gestartet: \u201eEmil und die Detektive\u201c konnte im Februar 2012 erfolgreich auf die B\u00fchne gebracht werden. Auch in den folgenden Jahren wurden Musicals nach ber\u00fchmter&#046;&#046;&#046;\" \/>\n<meta property=\"og:url\" content=\"https:\/\/wp2.nige.de\/wordpress\/sample-page\/musik\/musical-ag\/\" \/>\n<meta property=\"og:site_name\" content=\"NIGE\" \/>\n<meta property=\"article:publisher\" content=\"https:\/\/www.facebook.com\/NIGEsens\/\" \/>\n<meta property=\"article:modified_time\" content=\"2025-02-13T18:58:26+00:00\" \/>\n<meta name=\"twitter:card\" content=\"summary_large_image\" \/>\n<meta name=\"twitter:label1\" content=\"Gesch\u00e4tzte Lesezeit\" \/>\n\t<meta name=\"twitter:data1\" content=\"2\u00a0Minuten\" \/>\n<script type=\"application\/ld+json\" class=\"yoast-schema-graph\">{\"@context\":\"https:\\\/\\\/schema.org\",\"@graph\":[{\"@type\":\"WebPage\",\"@id\":\"https:\\\/\\\/wp2.nige.de\\\/wordpress\\\/sample-page\\\/musik\\\/musical-ag\\\/\",\"url\":\"https:\\\/\\\/wp2.nige.de\\\/wordpress\\\/sample-page\\\/musik\\\/musical-ag\\\/\",\"name\":\"Musical-AG - NIGE\",\"isPartOf\":{\"@id\":\"https:\\\/\\\/wp2.nige.de\\\/wordpress\\\/#website\"},\"datePublished\":\"2013-10-10T16:06:50+00:00\",\"dateModified\":\"2025-02-13T18:58:26+00:00\",\"breadcrumb\":{\"@id\":\"https:\\\/\\\/wp2.nige.de\\\/wordpress\\\/sample-page\\\/musik\\\/musical-ag\\\/#breadcrumb\"},\"inLanguage\":\"de\",\"potentialAction\":[{\"@type\":\"ReadAction\",\"target\":[\"https:\\\/\\\/wp2.nige.de\\\/wordpress\\\/sample-page\\\/musik\\\/musical-ag\\\/\"]}]},{\"@type\":\"BreadcrumbList\",\"@id\":\"https:\\\/\\\/wp2.nige.de\\\/wordpress\\\/sample-page\\\/musik\\\/musical-ag\\\/#breadcrumb\",\"itemListElement\":[{\"@type\":\"ListItem\",\"position\":1,\"name\":\"Startseite\",\"item\":\"https:\\\/\\\/wp2.nige.de\\\/wordpress\\\/\"},{\"@type\":\"ListItem\",\"position\":2,\"name\":\"NIGE\",\"item\":\"https:\\\/\\\/wp2.nige.de\\\/wordpress\\\/sample-page\\\/\"},{\"@type\":\"ListItem\",\"position\":3,\"name\":\"Musik\",\"item\":\"https:\\\/\\\/wp2.nige.de\\\/wordpress\\\/sample-page\\\/musik\\\/\"},{\"@type\":\"ListItem\",\"position\":4,\"name\":\"Musical-AG\"}]},{\"@type\":\"WebSite\",\"@id\":\"https:\\\/\\\/wp2.nige.de\\\/wordpress\\\/#website\",\"url\":\"https:\\\/\\\/wp2.nige.de\\\/wordpress\\\/\",\"name\":\"Nieders\u00e4chsisches Internatsgymnasium Esens | NIGE\",\"description\":\"Nieders\u00e4chsisches Internatsgymnasium Esens\",\"publisher\":{\"@id\":\"https:\\\/\\\/wp2.nige.de\\\/wordpress\\\/#organization\"},\"potentialAction\":[{\"@type\":\"SearchAction\",\"target\":{\"@type\":\"EntryPoint\",\"urlTemplate\":\"https:\\\/\\\/wp2.nige.de\\\/wordpress\\\/?s={search_term_string}\"},\"query-input\":{\"@type\":\"PropertyValueSpecification\",\"valueRequired\":true,\"valueName\":\"search_term_string\"}}],\"inLanguage\":\"de\"},{\"@type\":\"Organization\",\"@id\":\"https:\\\/\\\/wp2.nige.de\\\/wordpress\\\/#organization\",\"name\":\"Nieders\u00e4chsisches Internatsgymnasium Esens\",\"url\":\"https:\\\/\\\/wp2.nige.de\\\/wordpress\\\/\",\"logo\":{\"@type\":\"ImageObject\",\"inLanguage\":\"de\",\"@id\":\"https:\\\/\\\/wp2.nige.de\\\/wordpress\\\/#\\\/schema\\\/logo\\\/image\\\/\",\"url\":\"https:\\\/\\\/wp2.nige.de\\\/wordpress\\\/wp-content\\\/uploads\\\/2018\\\/08\\\/logo_nige.jpg\",\"contentUrl\":\"https:\\\/\\\/wp2.nige.de\\\/wordpress\\\/wp-content\\\/uploads\\\/2018\\\/08\\\/logo_nige.jpg\",\"width\":1984,\"height\":1239,\"caption\":\"Nieders\u00e4chsisches Internatsgymnasium Esens\"},\"image\":{\"@id\":\"https:\\\/\\\/wp2.nige.de\\\/wordpress\\\/#\\\/schema\\\/logo\\\/image\\\/\"},\"sameAs\":[\"https:\\\/\\\/www.facebook.com\\\/NIGEsens\\\/\"]}]}<\/script>\n<!-- \/ Yoast SEO plugin. -->","yoast_head_json":{"title":"Musical-AG - NIGE","robots":{"index":"index","follow":"follow","max-snippet":"max-snippet:-1","max-image-preview":"max-image-preview:large","max-video-preview":"max-video-preview:-1"},"canonical":"https:\/\/wp2.nige.de\/wordpress\/sample-page\/musik\/musical-ag\/","og_locale":"de_DE","og_type":"article","og_title":"Musical-AG - NIGE","og_description":"Vorhang auf und B\u00fchne frei\u2026 \u2026 f\u00fcr die Musical-AG des NIGE. Im Schuljahr 2010\/2011 wurde mit einem gro\u00dfen Casting das erste Projekt gestartet: \u201eEmil und die Detektive\u201c konnte im Februar 2012 erfolgreich auf die B\u00fchne gebracht werden. Auch in den folgenden Jahren wurden Musicals nach ber\u00fchmter&#46;&#46;&#46;","og_url":"https:\/\/wp2.nige.de\/wordpress\/sample-page\/musik\/musical-ag\/","og_site_name":"NIGE","article_publisher":"https:\/\/www.facebook.com\/NIGEsens\/","article_modified_time":"2025-02-13T18:58:26+00:00","twitter_card":"summary_large_image","twitter_misc":{"Gesch\u00e4tzte Lesezeit":"2\u00a0Minuten"},"schema":{"@context":"https:\/\/schema.org","@graph":[{"@type":"WebPage","@id":"https:\/\/wp2.nige.de\/wordpress\/sample-page\/musik\/musical-ag\/","url":"https:\/\/wp2.nige.de\/wordpress\/sample-page\/musik\/musical-ag\/","name":"Musical-AG - NIGE","isPartOf":{"@id":"https:\/\/wp2.nige.de\/wordpress\/#website"},"datePublished":"2013-10-10T16:06:50+00:00","dateModified":"2025-02-13T18:58:26+00:00","breadcrumb":{"@id":"https:\/\/wp2.nige.de\/wordpress\/sample-page\/musik\/musical-ag\/#breadcrumb"},"inLanguage":"de","potentialAction":[{"@type":"ReadAction","target":["https:\/\/wp2.nige.de\/wordpress\/sample-page\/musik\/musical-ag\/"]}]},{"@type":"BreadcrumbList","@id":"https:\/\/wp2.nige.de\/wordpress\/sample-page\/musik\/musical-ag\/#breadcrumb","itemListElement":[{"@type":"ListItem","position":1,"name":"Startseite","item":"https:\/\/wp2.nige.de\/wordpress\/"},{"@type":"ListItem","position":2,"name":"NIGE","item":"https:\/\/wp2.nige.de\/wordpress\/sample-page\/"},{"@type":"ListItem","position":3,"name":"Musik","item":"https:\/\/wp2.nige.de\/wordpress\/sample-page\/musik\/"},{"@type":"ListItem","position":4,"name":"Musical-AG"}]},{"@type":"WebSite","@id":"https:\/\/wp2.nige.de\/wordpress\/#website","url":"https:\/\/wp2.nige.de\/wordpress\/","name":"Nieders\u00e4chsisches Internatsgymnasium Esens | NIGE","description":"Nieders\u00e4chsisches Internatsgymnasium Esens","publisher":{"@id":"https:\/\/wp2.nige.de\/wordpress\/#organization"},"potentialAction":[{"@type":"SearchAction","target":{"@type":"EntryPoint","urlTemplate":"https:\/\/wp2.nige.de\/wordpress\/?s={search_term_string}"},"query-input":{"@type":"PropertyValueSpecification","valueRequired":true,"valueName":"search_term_string"}}],"inLanguage":"de"},{"@type":"Organization","@id":"https:\/\/wp2.nige.de\/wordpress\/#organization","name":"Nieders\u00e4chsisches Internatsgymnasium Esens","url":"https:\/\/wp2.nige.de\/wordpress\/","logo":{"@type":"ImageObject","inLanguage":"de","@id":"https:\/\/wp2.nige.de\/wordpress\/#\/schema\/logo\/image\/","url":"https:\/\/wp2.nige.de\/wordpress\/wp-content\/uploads\/2018\/08\/logo_nige.jpg","contentUrl":"https:\/\/wp2.nige.de\/wordpress\/wp-content\/uploads\/2018\/08\/logo_nige.jpg","width":1984,"height":1239,"caption":"Nieders\u00e4chsisches Internatsgymnasium Esens"},"image":{"@id":"https:\/\/wp2.nige.de\/wordpress\/#\/schema\/logo\/image\/"},"sameAs":["https:\/\/www.facebook.com\/NIGEsens\/"]}]}},"_links":{"self":[{"href":"https:\/\/wp2.nige.de\/wordpress\/wp-json\/wp\/v2\/pages\/2072","targetHints":{"allow":["GET"]}}],"collection":[{"href":"https:\/\/wp2.nige.de\/wordpress\/wp-json\/wp\/v2\/pages"}],"about":[{"href":"https:\/\/wp2.nige.de\/wordpress\/wp-json\/wp\/v2\/types\/page"}],"author":[{"embeddable":true,"href":"https:\/\/wp2.nige.de\/wordpress\/wp-json\/wp\/v2\/users\/28"}],"replies":[{"embeddable":true,"href":"https:\/\/wp2.nige.de\/wordpress\/wp-json\/wp\/v2\/comments?post=2072"}],"version-history":[{"count":14,"href":"https:\/\/wp2.nige.de\/wordpress\/wp-json\/wp\/v2\/pages\/2072\/revisions"}],"predecessor-version":[{"id":16394,"href":"https:\/\/wp2.nige.de\/wordpress\/wp-json\/wp\/v2\/pages\/2072\/revisions\/16394"}],"up":[{"embeddable":true,"href":"https:\/\/wp2.nige.de\/wordpress\/wp-json\/wp\/v2\/pages\/162"}],"wp:attachment":[{"href":"https:\/\/wp2.nige.de\/wordpress\/wp-json\/wp\/v2\/media?parent=2072"}],"curies":[{"name":"wp","href":"https:\/\/api.w.org\/{rel}","templated":true}]}}