{"id":11744,"date":"2021-01-28T14:29:40","date_gmt":"2021-01-28T13:29:40","guid":{"rendered":"https:\/\/wp2.nige.de\/wordpress\/?page_id=11744"},"modified":"2026-02-16T08:06:09","modified_gmt":"2026-02-16T07:06:09","slug":"anmeldung-jg-11","status":"publish","type":"page","link":"https:\/\/wp2.nige.de\/wordpress\/anmeldung-jg-11\/","title":{"rendered":"Anmeldung Jg. 11"},"content":{"rendered":"<p style=\"text-align: justify;\"><strong>Anmeldung zur gymnasialen Oberstufe des Nieders\u00e4chsischen Internatsgymnasiums Esens<\/strong><\/p>\n<p style=\"text-align: justify;\">Sch\u00fclerinnen und Sch\u00fcler aus Esens und Umgebung, die zum 1. August 2026 in die Sekundarstufe II (Einf\u00fchrungsphase) des Nieders\u00e4chsischen Internatsgymnasiums aufgenommen werden m\u00f6chten und mit Ablauf des Schuljahres 2025\/2026 den \u201eErweiterten Sekundarabschluss I\u201c erwarten, beantragen die Aufnahme bitte&nbsp;<strong>bis zum 20. Februar 2026<\/strong>&nbsp;beim Nieders\u00e4chsischen Internatsgymnasium Esens.<\/p>\n<p style=\"text-align: justify;\">Die Anmeldeunterlagen finden Sie auf unserer Homepage.<\/p>\n<p style=\"text-align: justify;\">Folgende Abschl\u00fcsse k\u00f6nnen nach der geltenden Oberstufenverordnung vergeben werden:<\/p>\n<ul style=\"text-align: justify;\">\n<li><strong>Allgemeine Hochschulreife<\/strong>&nbsp;(Abitur)<\/li>\n<li><strong>Fachhochschulreife&nbsp;<\/strong>(schulischer Teil)<\/li>\n<\/ul>\n<p style=\"text-align: justify;\">Beratungsgespr\u00e4che zum \u00dcbergang von der Realschule an das Gymnasium hinsichtlich des Sprachangebots etc. k\u00f6nnen individuell mit der Oberstufenkoordinatorin oder dem Oberstufenkoordinator vereinbart werden. Ein <strong>Elternabend<\/strong> der zuk\u00fcnftigen Sch\u00fclerinnen und Sch\u00fcler des 11. Jahrgangs findet am <strong>Montag, den 9. M\u00e4rz 2026 um 19:30 Uhr<\/strong> in unserer Aula statt.<\/p>\n<p style=\"text-align: justify;\">Termine und n\u00e4here Ausk\u00fcnfte, besonders \u00fcber notwendige Unterlagen k\u00fcnftiger Internatssch\u00fcler, erteilt die Verwaltung des Nieders\u00e4chsischen Internatsgymnasiums Esens<\/p>\n<p style=\"text-align: justify;\">Sie finden alle ben\u00f6tigten Unterlagen im unteren Teil dieser Seite.<\/p>\n<p style=\"text-align: justify;\"><strong>Kontakt:<\/strong><\/p>\n<p style=\"text-align: justify;\">Nieders\u00e4chsisches Internatsgymnasium Esens<br \/>\nAuricher Str. 58, 26427 Esens<br \/>\nTel.: 04971\/913-0, Fax: 04971\/913-144<br \/>\nE-Mail: poststelle@nige.niedersachsen.de<\/p>\n<p>&nbsp;<\/p>\n<p>A) Anmeldeunterlagen (bitte herunterladen, ausf\u00fcllen und der Schule per Post\/Mail zukommen lassen)<\/p>\n<ol style=\"text-align: justify;\">\n<li><a href=\"https:\/\/wp2.nige.de\/wordpress\/wp-content\/uploads\/2025\/02\/Anmelde-u.-Personalbogen2024.pdf\">Anmelde- und Personalbogen<\/a> (PDF)<\/li>\n<li><a href=\"https:\/\/wp2.nige.de\/wordpress\/wp-content\/uploads\/2020\/04\/Einwilligungserkla\u0308rung-Vero\u0308ffentlichung-von-Fotos.pdf\">Einwilligungsbogen f\u00fcr die Ver\u00f6ffentlichung von Fotos im Intranet und Homepage<\/a> (PDF)<\/li>\n<li><a href=\"https:\/\/wp2.nige.de\/wordpress\/wp-content\/uploads\/2022\/02\/IServAnmeldung2022.pdf\">I-Serv Anmeldung<\/a> (PDF)<\/li>\n<li><a href=\"https:\/\/wp2.nige.de\/wordpress\/wp-content\/uploads\/2025\/01\/2024-E-Phase.pdf\">Wahlbogen f\u00fcr die Einf\u00fchrungsphase<\/a> (PDF)<\/li>\n<li><a href=\"https:\/\/wp2.nige.de\/wordpress\/wp-content\/uploads\/2021\/02\/Erkla\u0308rung-zur-Sorgeberechtigung.pdf\">Erkl\u00e4rung zur Sorgeberechtigung<\/a> (PDF)<\/li>\n<li><a href=\"https:\/\/wp2.nige.de\/wordpress\/wp-content\/uploads\/2022\/01\/Waffenerlass-2021.pdf\">Waffenerlass<\/a> (PDF)<\/li>\n<li><a href=\"https:\/\/wp2.nige.de\/wordpress\/wp-content\/uploads\/2025\/02\/Elternbrief-JG-11-Januar-2025-mit-Unterschrift.pdf\">Informationsschreiben Tablet<\/a> (PDF)<\/li>\n<li>Kopie der Zeugnisse 6. &#8211; 10. Klasse<\/li>\n<li>Kopie der Geburtsurkunde<\/li>\n<li>Passbild<\/li>\n<li>Impfnachweis zweifache Masernimpfungen<\/li>\n<li><a href=\"https:\/\/wp2.nige.de\/wordpress\/wp-content\/uploads\/2026\/02\/Zeckenblatt.pdf\">Hinweisblatt Zecken<\/a> (PDF)<\/li>\n<\/ol>\n<p style=\"text-align: justify;\">B) Wichtige Informationen (zur Kenntnisnahme und zum Ausdruck f\u00fcr die pers. Unterlagen)<\/p>\n<ol>\n<li style=\"text-align: justify;\"><a href=\"https:\/\/wp2.nige.de\/wordpress\/wp-content\/uploads\/2025\/08\/2025-Schulordnung-.pdf\">Schulordnung<\/a> (PDF)<\/li>\n<li><a href=\"https:\/\/wp2.nige.de\/wordpress\/wp-content\/uploads\/2022\/05\/IServBenutzerordnung2022.pdf\">iServ Benutzerordnung<\/a> (PDF)<\/li>\n<li><a href=\"https:\/\/wp2.nige.de\/wordpress\/buecherlisten-buchausleihe\/\">Anleitung Buchausleihe<\/a><\/li>\n<li><a href=\"https:\/\/wp2.nige.de\/wordpress\/buecherlisten-buchausleihe\/\">Servicepauschale<\/a><\/li>\n<li style=\"text-align: justify;\"><a href=\"https:\/\/wp2.nige.de\/wordpress\/wp-content\/uploads\/2022\/03\/InfektionsschutzText-2022.pdf\">Belehrung Infektionskrankheiten<\/a> (PDF)<\/li>\n<li style=\"text-align: justify;\"><a href=\"https:\/\/wp2.nige.de\/wordpress\/wp-content\/uploads\/2021\/02\/Infektionskrankheiten\u00dcbersicht.pdf\">\u00dcbersicht<\/a><a href=\"http:\/\/wp2.nige.de\/wordpress\/wp-content\/uploads\/2020\/04\/Infektionskrankheiten\u00dcbersicht.pdf\"> Infektionskrankheiten<\/a> (PDF)<\/li>\n<li style=\"text-align: justify;\"><a href=\"http:\/\/wp2.nige.de\/wordpress\/wp-content\/uploads\/2020\/04\/Informationspflichten-schuelerdaten-NIGE-Art-13-Einlegeblatt.pdf\">Auskunft nach Artikel 13 DSGVO<\/a> (PDF)<\/li>\n<\/ol>\n","protected":false},"excerpt":{"rendered":"<p>Anmeldung zur gymnasialen Oberstufe des Nieders\u00e4chsischen Internatsgymnasiums Esens Sch\u00fclerinnen und Sch\u00fcler aus Esens und Umgebung, die zum 1. August 2026 in die Sekundarstufe II (Einf\u00fchrungsphase) des Nieders\u00e4chsischen Internatsgymnasiums aufgenommen werden m\u00f6chten und mit Ablauf des Schuljahres 2025\/2026 den \u201eErweiterten Sekundarabschluss I\u201c erwarten, beantragen die Aufnahme bitte&nbsp;bis&#46;&#46;&#46;<\/p>\n","protected":false},"author":28,"featured_media":0,"parent":0,"menu_order":0,"comment_status":"closed","ping_status":"closed","template":"","meta":{"ngg_post_thumbnail":0,"footnotes":""},"class_list":["post-11744","page","type-page","status-publish","hentry"],"yoast_head":"<!-- This site is optimized with the Yoast SEO plugin v27.5 - https:\/\/yoast.com\/product\/yoast-seo-wordpress\/ -->\n<title>Anmeldung Jg. 11 - NIGE<\/title>\n<meta name=\"robots\" content=\"index, follow, max-snippet:-1, max-image-preview:large, max-video-preview:-1\" \/>\n<link rel=\"canonical\" href=\"https:\/\/wp2.nige.de\/wordpress\/anmeldung-jg-11\/\" \/>\n<meta property=\"og:locale\" content=\"de_DE\" \/>\n<meta property=\"og:type\" content=\"article\" \/>\n<meta property=\"og:title\" content=\"Anmeldung Jg. 11 - NIGE\" \/>\n<meta property=\"og:description\" content=\"Anmeldung zur gymnasialen Oberstufe des Nieders\u00e4chsischen Internatsgymnasiums Esens Sch\u00fclerinnen und Sch\u00fcler aus Esens und Umgebung, die zum 1. August 2026 in die Sekundarstufe II (Einf\u00fchrungsphase) des Nieders\u00e4chsischen Internatsgymnasiums aufgenommen werden m\u00f6chten und mit Ablauf des Schuljahres 2025\/2026 den \u201eErweiterten Sekundarabschluss I\u201c erwarten, beantragen die Aufnahme bitte&nbsp;bis&#046;&#046;&#046;\" \/>\n<meta property=\"og:url\" content=\"https:\/\/wp2.nige.de\/wordpress\/anmeldung-jg-11\/\" \/>\n<meta property=\"og:site_name\" content=\"NIGE\" \/>\n<meta property=\"article:publisher\" content=\"https:\/\/www.facebook.com\/NIGEsens\/\" \/>\n<meta property=\"article:modified_time\" content=\"2026-02-16T07:06:09+00:00\" \/>\n<meta name=\"twitter:card\" content=\"summary_large_image\" \/>\n<meta name=\"twitter:label1\" content=\"Gesch\u00e4tzte Lesezeit\" \/>\n\t<meta name=\"twitter:data1\" content=\"2\u00a0Minuten\" \/>\n<script type=\"application\/ld+json\" class=\"yoast-schema-graph\">{\"@context\":\"https:\\\/\\\/schema.org\",\"@graph\":[{\"@type\":\"WebPage\",\"@id\":\"https:\\\/\\\/wp2.nige.de\\\/wordpress\\\/anmeldung-jg-11\\\/\",\"url\":\"https:\\\/\\\/wp2.nige.de\\\/wordpress\\\/anmeldung-jg-11\\\/\",\"name\":\"Anmeldung Jg. 11 - NIGE\",\"isPartOf\":{\"@id\":\"https:\\\/\\\/wp2.nige.de\\\/wordpress\\\/#website\"},\"datePublished\":\"2021-01-28T13:29:40+00:00\",\"dateModified\":\"2026-02-16T07:06:09+00:00\",\"breadcrumb\":{\"@id\":\"https:\\\/\\\/wp2.nige.de\\\/wordpress\\\/anmeldung-jg-11\\\/#breadcrumb\"},\"inLanguage\":\"de\",\"potentialAction\":[{\"@type\":\"ReadAction\",\"target\":[\"https:\\\/\\\/wp2.nige.de\\\/wordpress\\\/anmeldung-jg-11\\\/\"]}]},{\"@type\":\"BreadcrumbList\",\"@id\":\"https:\\\/\\\/wp2.nige.de\\\/wordpress\\\/anmeldung-jg-11\\\/#breadcrumb\",\"itemListElement\":[{\"@type\":\"ListItem\",\"position\":1,\"name\":\"Startseite\",\"item\":\"https:\\\/\\\/wp2.nige.de\\\/wordpress\\\/\"},{\"@type\":\"ListItem\",\"position\":2,\"name\":\"Anmeldung Jg. 11\"}]},{\"@type\":\"WebSite\",\"@id\":\"https:\\\/\\\/wp2.nige.de\\\/wordpress\\\/#website\",\"url\":\"https:\\\/\\\/wp2.nige.de\\\/wordpress\\\/\",\"name\":\"Nieders\u00e4chsisches Internatsgymnasium Esens | NIGE\",\"description\":\"Nieders\u00e4chsisches Internatsgymnasium Esens\",\"publisher\":{\"@id\":\"https:\\\/\\\/wp2.nige.de\\\/wordpress\\\/#organization\"},\"potentialAction\":[{\"@type\":\"SearchAction\",\"target\":{\"@type\":\"EntryPoint\",\"urlTemplate\":\"https:\\\/\\\/wp2.nige.de\\\/wordpress\\\/?s={search_term_string}\"},\"query-input\":{\"@type\":\"PropertyValueSpecification\",\"valueRequired\":true,\"valueName\":\"search_term_string\"}}],\"inLanguage\":\"de\"},{\"@type\":\"Organization\",\"@id\":\"https:\\\/\\\/wp2.nige.de\\\/wordpress\\\/#organization\",\"name\":\"Nieders\u00e4chsisches Internatsgymnasium Esens\",\"url\":\"https:\\\/\\\/wp2.nige.de\\\/wordpress\\\/\",\"logo\":{\"@type\":\"ImageObject\",\"inLanguage\":\"de\",\"@id\":\"https:\\\/\\\/wp2.nige.de\\\/wordpress\\\/#\\\/schema\\\/logo\\\/image\\\/\",\"url\":\"https:\\\/\\\/wp2.nige.de\\\/wordpress\\\/wp-content\\\/uploads\\\/2018\\\/08\\\/logo_nige.jpg\",\"contentUrl\":\"https:\\\/\\\/wp2.nige.de\\\/wordpress\\\/wp-content\\\/uploads\\\/2018\\\/08\\\/logo_nige.jpg\",\"width\":1984,\"height\":1239,\"caption\":\"Nieders\u00e4chsisches Internatsgymnasium Esens\"},\"image\":{\"@id\":\"https:\\\/\\\/wp2.nige.de\\\/wordpress\\\/#\\\/schema\\\/logo\\\/image\\\/\"},\"sameAs\":[\"https:\\\/\\\/www.facebook.com\\\/NIGEsens\\\/\"]}]}<\/script>\n<!-- \/ Yoast SEO plugin. -->","yoast_head_json":{"title":"Anmeldung Jg. 11 - NIGE","robots":{"index":"index","follow":"follow","max-snippet":"max-snippet:-1","max-image-preview":"max-image-preview:large","max-video-preview":"max-video-preview:-1"},"canonical":"https:\/\/wp2.nige.de\/wordpress\/anmeldung-jg-11\/","og_locale":"de_DE","og_type":"article","og_title":"Anmeldung Jg. 11 - NIGE","og_description":"Anmeldung zur gymnasialen Oberstufe des Nieders\u00e4chsischen Internatsgymnasiums Esens Sch\u00fclerinnen und Sch\u00fcler aus Esens und Umgebung, die zum 1. August 2026 in die Sekundarstufe II (Einf\u00fchrungsphase) des Nieders\u00e4chsischen Internatsgymnasiums aufgenommen werden m\u00f6chten und mit Ablauf des Schuljahres 2025\/2026 den \u201eErweiterten Sekundarabschluss I\u201c erwarten, beantragen die Aufnahme bitte&nbsp;bis&#46;&#46;&#46;","og_url":"https:\/\/wp2.nige.de\/wordpress\/anmeldung-jg-11\/","og_site_name":"NIGE","article_publisher":"https:\/\/www.facebook.com\/NIGEsens\/","article_modified_time":"2026-02-16T07:06:09+00:00","twitter_card":"summary_large_image","twitter_misc":{"Gesch\u00e4tzte Lesezeit":"2\u00a0Minuten"},"schema":{"@context":"https:\/\/schema.org","@graph":[{"@type":"WebPage","@id":"https:\/\/wp2.nige.de\/wordpress\/anmeldung-jg-11\/","url":"https:\/\/wp2.nige.de\/wordpress\/anmeldung-jg-11\/","name":"Anmeldung Jg. 11 - NIGE","isPartOf":{"@id":"https:\/\/wp2.nige.de\/wordpress\/#website"},"datePublished":"2021-01-28T13:29:40+00:00","dateModified":"2026-02-16T07:06:09+00:00","breadcrumb":{"@id":"https:\/\/wp2.nige.de\/wordpress\/anmeldung-jg-11\/#breadcrumb"},"inLanguage":"de","potentialAction":[{"@type":"ReadAction","target":["https:\/\/wp2.nige.de\/wordpress\/anmeldung-jg-11\/"]}]},{"@type":"BreadcrumbList","@id":"https:\/\/wp2.nige.de\/wordpress\/anmeldung-jg-11\/#breadcrumb","itemListElement":[{"@type":"ListItem","position":1,"name":"Startseite","item":"https:\/\/wp2.nige.de\/wordpress\/"},{"@type":"ListItem","position":2,"name":"Anmeldung Jg. 11"}]},{"@type":"WebSite","@id":"https:\/\/wp2.nige.de\/wordpress\/#website","url":"https:\/\/wp2.nige.de\/wordpress\/","name":"Nieders\u00e4chsisches Internatsgymnasium Esens | NIGE","description":"Nieders\u00e4chsisches Internatsgymnasium Esens","publisher":{"@id":"https:\/\/wp2.nige.de\/wordpress\/#organization"},"potentialAction":[{"@type":"SearchAction","target":{"@type":"EntryPoint","urlTemplate":"https:\/\/wp2.nige.de\/wordpress\/?s={search_term_string}"},"query-input":{"@type":"PropertyValueSpecification","valueRequired":true,"valueName":"search_term_string"}}],"inLanguage":"de"},{"@type":"Organization","@id":"https:\/\/wp2.nige.de\/wordpress\/#organization","name":"Nieders\u00e4chsisches Internatsgymnasium Esens","url":"https:\/\/wp2.nige.de\/wordpress\/","logo":{"@type":"ImageObject","inLanguage":"de","@id":"https:\/\/wp2.nige.de\/wordpress\/#\/schema\/logo\/image\/","url":"https:\/\/wp2.nige.de\/wordpress\/wp-content\/uploads\/2018\/08\/logo_nige.jpg","contentUrl":"https:\/\/wp2.nige.de\/wordpress\/wp-content\/uploads\/2018\/08\/logo_nige.jpg","width":1984,"height":1239,"caption":"Nieders\u00e4chsisches Internatsgymnasium Esens"},"image":{"@id":"https:\/\/wp2.nige.de\/wordpress\/#\/schema\/logo\/image\/"},"sameAs":["https:\/\/www.facebook.com\/NIGEsens\/"]}]}},"_links":{"self":[{"href":"https:\/\/wp2.nige.de\/wordpress\/wp-json\/wp\/v2\/pages\/11744","targetHints":{"allow":["GET"]}}],"collection":[{"href":"https:\/\/wp2.nige.de\/wordpress\/wp-json\/wp\/v2\/pages"}],"about":[{"href":"https:\/\/wp2.nige.de\/wordpress\/wp-json\/wp\/v2\/types\/page"}],"author":[{"embeddable":true,"href":"https:\/\/wp2.nige.de\/wordpress\/wp-json\/wp\/v2\/users\/28"}],"replies":[{"embeddable":true,"href":"https:\/\/wp2.nige.de\/wordpress\/wp-json\/wp\/v2\/comments?post=11744"}],"version-history":[{"count":39,"href":"https:\/\/wp2.nige.de\/wordpress\/wp-json\/wp\/v2\/pages\/11744\/revisions"}],"predecessor-version":[{"id":18160,"href":"https:\/\/wp2.nige.de\/wordpress\/wp-json\/wp\/v2\/pages\/11744\/revisions\/18160"}],"wp:attachment":[{"href":"https:\/\/wp2.nige.de\/wordpress\/wp-json\/wp\/v2\/media?parent=11744"}],"curies":[{"name":"wp","href":"https:\/\/api.w.org\/{rel}","templated":true}]}}